{"id":30,"date":"2024-12-06T12:58:44","date_gmt":"2024-12-06T12:58:44","guid":{"rendered":"https:\/\/www.stephaniegallay.fr\/?page_id=30"},"modified":"2024-12-16T21:46:36","modified_gmt":"2024-12-16T21:46:36","slug":"seances","status":"publish","type":"page","link":"https:\/\/www.stephaniegallay.fr\/?page_id=30","title":{"rendered":"S\u00e9ances"},"content":{"rendered":"<p>[et_pb_section fb_built=\u00a0\u00bb1&Prime; custom_padding_last_edited=\u00a0\u00bbon|desktop\u00a0\u00bb next_background_color=\u00a0\u00bb#ffffff\u00a0\u00bb _builder_version=\u00a0\u00bb4.23.1&Prime; _module_preset=\u00a0\u00bbdefault\u00a0\u00bb background_color=\u00a0\u00bb#0C71C3&Prime; background_image=\u00a0\u00bbhttps:\/\/www.stephaniegallay.fr\/wp-content\/uploads\/2024\/12\/Stephanie-Gallay-Sophrologue-a-Vic-en-Bigorre05.jpg\u00a0\u00bb custom_padding=\u00a0\u00bb23px||48px||false|false\u00a0\u00bb custom_padding_tablet=\u00a0\u00bb100px||100px||false|false\u00a0\u00bb custom_padding_phone=\u00a0\u00bb50px||91px||false|false\u00a0\u00bb bottom_divider_style=\u00a0\u00bbramp\u00a0\u00bb global_colors_info=\u00a0\u00bb{}\u00a0\u00bb][et_pb_row _builder_version=\u00a0\u00bb4.23.1&Prime; _module_preset=\u00a0\u00bbdefault\u00a0\u00bb global_colors_info=\u00a0\u00bb{}\u00a0\u00bb][et_pb_column type=\u00a0\u00bb4_4&Prime; _builder_version=\u00a0\u00bb4.23.1&Prime; _module_preset=\u00a0\u00bbdefault\u00a0\u00bb global_colors_info=\u00a0\u00bb{}\u00a0\u00bb][et_pb_image src=\u00a0\u00bbhttps:\/\/www.stephaniegallay.fr\/wp-content\/uploads\/2024\/12\/icon.svg\u00a0\u00bb title_text=\u00a0\u00bbicon\u00a0\u00bb _builder_version=\u00a0\u00bb4.23.1&Prime; _module_preset=\u00a0\u00bbdefault\u00a0\u00bb width=\u00a0\u00bb6%\u00a0\u00bb width_tablet=\u00a0\u00bb11%\u00a0\u00bb width_phone=\u00a0\u00bb12%\u00a0\u00bb width_last_edited=\u00a0\u00bbon|desktop\u00a0\u00bb module_alignment=\u00a0\u00bbcenter\u00a0\u00bb global_colors_info=\u00a0\u00bb{}\u00a0\u00bb][\/et_pb_image][et_pb_text _builder_version=\u00a0\u00bb4.23.1&Prime; _module_preset=\u00a0\u00bbdefault\u00a0\u00bb header_text_color=\u00a0\u00bb#FFFFFF\u00a0\u00bb header_line_height=\u00a0\u00bb1.3em\u00a0\u00bb global_colors_info=\u00a0\u00bb{}\u00a0\u00bb]<\/p>\n<h1 style=\"text-align: center;\"> S\u00e9ances de Sophrologie \u00e0 Vic-en-Bigorre<br \/>\nIndividuelles et en Ligne <\/h1>\n<p>[\/et_pb_text][\/et_pb_column][\/et_pb_row][\/et_pb_section][et_pb_section fb_built=\u00a0\u00bb1&Prime; _builder_version=\u00a0\u00bb4.23.1&Prime; _module_preset=\u00a0\u00bbdefault\u00a0\u00bb global_colors_info=\u00a0\u00bb{}\u00a0\u00bb][et_pb_row _builder_version=\u00a0\u00bb4.23.1&Prime; _module_preset=\u00a0\u00bbdefault\u00a0\u00bb global_colors_info=\u00a0\u00bb{}\u00a0\u00bb][et_pb_column type=\u00a0\u00bb4_4&Prime; _builder_version=\u00a0\u00bb4.23.1&Prime; _module_preset=\u00a0\u00bbdefault\u00a0\u00bb global_colors_info=\u00a0\u00bb{}\u00a0\u00bb][et_pb_text _builder_version=\u00a0\u00bb4.23.1&Prime; _module_preset=\u00a0\u00bbdefault\u00a0\u00bb custom_margin=\u00a0\u00bb||20px|||\u00a0\u00bb global_colors_info=\u00a0\u00bb{}\u00a0\u00bb]<\/p>\n<h6 style=\"text-align: center;\">St\u00e9phanie Gallay, Sophrologue \u00e0 Vic-en-Bigorre<\/h6>\n<p>[\/et_pb_text][et_pb_text _builder_version=\u00a0\u00bb4.23.1&Prime; _module_preset=\u00a0\u00bbdefault\u00a0\u00bb custom_margin=\u00a0\u00bb||21px|||\u00a0\u00bb global_colors_info=\u00a0\u00bb{}\u00a0\u00bb]<\/p>\n<h1 style=\"text-align: center;\">En cabinet ou en visio, profitez d\u2019un accompagnement personnalis\u00e9 :<\/h1>\n<p>[\/et_pb_text][et_pb_pricing_tables _builder_version=\u00a0\u00bb4.23.1&Prime; _module_preset=\u00a0\u00bbdefault\u00a0\u00bb global_colors_info=\u00a0\u00bb{}\u00a0\u00bb][et_pb_pricing_table title=\u00a0\u00bbS\u00e9ances individuelles\u00a0\u00bb subtitle=\u00a0\u00bb1 heure\u00a0\u00bb currency=\u00a0\u00bb\u20ac\u00a0\u00bb sum=\u00a0\u00bb40&Prime; bullet_color=\u00a0\u00bb#FFFFFF\u00a0\u00bb price_background_color=\u00a0\u00bb#FFFFFF\u00a0\u00bb header_background_color=\u00a0\u00bb#0cb2d3&Prime; _builder_version=\u00a0\u00bb4.23.1&Prime; _module_preset=\u00a0\u00bbdefault\u00a0\u00bb price_text_color=\u00a0\u00bb#0C71C3&Prime; body_text_color=\u00a0\u00bb#000000&Prime; body_font_size=\u00a0\u00bb15px\u00a0\u00bb body_letter_spacing=\u00a0\u00bb1px\u00a0\u00bb currency_frequency_text_color=\u00a0\u00bb#0C71C3&Prime; currency_frequency_font_size=\u00a0\u00bb30px\u00a0\u00bb excluded_text_color=\u00a0\u00bbRGBA(255,255,255,0)\u00a0\u00bb excluded_font_size=\u00a0\u00bb20px\u00a0\u00bb text_orientation=\u00a0\u00bbcenter\u00a0\u00bb global_colors_info=\u00a0\u00bb{}\u00a0\u00bb sticky_transition=\u00a0\u00bbon\u00a0\u00bb]<\/p>\n<p>S\u00e9ances individuelles : Un accompagnement sur-mesure pour r\u00e9pondre \u00e0 vos besoins sp\u00e9cifiques (stress, confiance en soi, phobies, etc.).<\/p>\n<p>[\/et_pb_pricing_table][et_pb_pricing_table featured=\u00a0\u00bbon\u00a0\u00bb title=\u00a0\u00bbAccompagnement de couple\u00a0\u00bb subtitle=\u00a0\u00bb1h, th\u00e9matique pr\u00e9cise\u00a0\u00bb currency=\u00a0\u00bb\u20ac\u00a0\u00bb sum=\u00a0\u00bb60&Prime; bullet_color=\u00a0\u00bbRGBA(255,255,255,0)\u00a0\u00bb price_background_color=\u00a0\u00bb#FFFFFF\u00a0\u00bb header_background_color=\u00a0\u00bb#0C71C3&Prime; _builder_version=\u00a0\u00bb4.23.1&Prime; _module_preset=\u00a0\u00bbdefault\u00a0\u00bb price_text_color=\u00a0\u00bb#0C71C3&Prime; body_text_color=\u00a0\u00bb#000000&Prime; body_font_size=\u00a0\u00bb15px\u00a0\u00bb body_letter_spacing=\u00a0\u00bb1px\u00a0\u00bb currency_frequency_text_color=\u00a0\u00bb#0C71C3&Prime; currency_frequency_font_size=\u00a0\u00bb30px\u00a0\u00bb excluded_text_color=\u00a0\u00bbRGBA(255,255,255,0)\u00a0\u00bb excluded_font_size=\u00a0\u00bb20px\u00a0\u00bb text_orientation=\u00a0\u00bbcenter\u00a0\u00bb global_colors_info=\u00a0\u00bb{}\u00a0\u00bb sticky_transition=\u00a0\u00bbon\u00a0\u00bb]<\/p>\n<p class=\"p1\">Travaillez ensemble sur des probl\u00e9matiques personnelles, comme les difficult\u00e9s physiques, \u00e9motionnelles ou relationnelles, ainsi que sur l\u2019am\u00e9lioration de la communication au sein du couple.<\/p>\n<p>[\/et_pb_pricing_table][et_pb_pricing_table title=\u00a0\u00bbS\u00e9ance %22Parenth\u00e8se%22&Prime; subtitle=\u00a0\u00bb1 heure 30 minutes\u00a0\u00bb currency=\u00a0\u00bb\u20ac\u00a0\u00bb sum=\u00a0\u00bb70&Prime; bullet_color=\u00a0\u00bb#FFFFFF\u00a0\u00bb price_background_color=\u00a0\u00bb#FFFFFF\u00a0\u00bb header_background_color=\u00a0\u00bb#0cb2d3&Prime; _builder_version=\u00a0\u00bb4.23.1&Prime; _module_preset=\u00a0\u00bbdefault\u00a0\u00bb price_text_color=\u00a0\u00bb#0C71C3&Prime; body_text_color=\u00a0\u00bb#000000&Prime; body_font_size=\u00a0\u00bb15px\u00a0\u00bb body_letter_spacing=\u00a0\u00bb1px\u00a0\u00bb currency_frequency_text_color=\u00a0\u00bb#0C71C3&Prime; currency_frequency_font_size=\u00a0\u00bb30px\u00a0\u00bb excluded_text_color=\u00a0\u00bbRGBA(255,255,255,0)\u00a0\u00bb excluded_font_size=\u00a0\u00bb20px\u00a0\u00bb text_orientation=\u00a0\u00bbcenter\u00a0\u00bb global_colors_info=\u00a0\u00bb{}\u00a0\u00bb sticky_transition=\u00a0\u00bbon\u00a0\u00bb]<\/p>\n<p>Une pause bien-\u00eatre de 90 minutes sur un th\u00e8me pr\u00e9cis (gestion du stress, relaxation profonde, etc.).<\/p>\n<p>[\/et_pb_pricing_table][et_pb_pricing_table featured=\u00a0\u00bbon\u00a0\u00bb title=\u00a0\u00bbPack de 5 s\u00e9ances individuelles\u00a0\u00bb subtitle=\u00a0\u00bbsoit 10 % de r\u00e9duction\u00a0\u00bb currency=\u00a0\u00bb\u20ac\u00a0\u00bb sum=\u00a0\u00bb180&Prime; bullet_color=\u00a0\u00bb#FFFFFF\u00a0\u00bb price_background_color=\u00a0\u00bb#FFFFFF\u00a0\u00bb header_background_color=\u00a0\u00bb#0C71C3&Prime; _builder_version=\u00a0\u00bb4.23.1&Prime; _module_preset=\u00a0\u00bbdefault\u00a0\u00bb price_text_color=\u00a0\u00bb#0C71C3&Prime; body_text_color=\u00a0\u00bb#000000&Prime; body_font_size=\u00a0\u00bb15px\u00a0\u00bb body_letter_spacing=\u00a0\u00bb1px\u00a0\u00bb currency_frequency_text_color=\u00a0\u00bb#0C71C3&Prime; currency_frequency_font_size=\u00a0\u00bb30px\u00a0\u00bb excluded_text_color=\u00a0\u00bbRGBA(255,255,255,0)\u00a0\u00bb excluded_font_size=\u00a0\u00bb20px\u00a0\u00bb text_orientation=\u00a0\u00bbcenter\u00a0\u00bb global_colors_info=\u00a0\u00bb{}\u00a0\u00bb sticky_transition=\u00a0\u00bbon\u00a0\u00bb]<\/p>\n<p>S\u00e9ances individuelles : Un accompagnement sur-mesure pour r\u00e9pondre \u00e0 vos besoins sp\u00e9cifiques (stress, confiance en soi, phobies, etc.)<\/p>\n<p>[\/et_pb_pricing_table][\/et_pb_pricing_tables][et_pb_text _builder_version=\u00a0\u00bb4.23.1&Prime; _module_preset=\u00a0\u00bbdefault\u00a0\u00bb text_orientation=\u00a0\u00bbcenter\u00a0\u00bb custom_margin=\u00a0\u00bb||21px|||\u00a0\u00bb global_colors_info=\u00a0\u00bb{}\u00a0\u00bb]<\/p>\n<h1>Chaque s\u00e9ance est un espace bienveillant o\u00f9<br \/>vous pouvez vous reconnecter \u00e0 vous-m\u00eame. <br \/>Tarifs sur devis pour les entreprises et groupes.<\/h1>\n<p>[\/et_pb_text][et_pb_button button_url=\u00a0\u00bb@ET-DC@eyJkeW5hbWljIjp0cnVlLCJjb250ZW50IjoicG9zdF9saW5rX3VybF9wYWdlIiwic2V0dGluZ3MiOnsicG9zdF9pZCI6IjM0In19@\u00a0\u00bb button_text=\u00a0\u00bbR\u00e9servez votre s\u00e9ance ici !\u00a0\u00bb button_alignment=\u00a0\u00bbcenter\u00a0\u00bb _builder_version=\u00a0\u00bb4.23.1&Prime; _dynamic_attributes=\u00a0\u00bbbutton_url\u00a0\u00bb _module_preset=\u00a0\u00bbdefault\u00a0\u00bb global_colors_info=\u00a0\u00bb{}\u00a0\u00bb][\/et_pb_button][dsm_pricelist _builder_version=\u00a0\u00bb4.23.1&Prime; _module_preset=\u00a0\u00bbdefault\u00a0\u00bb global_colors_info=\u00a0\u00bb{}\u00a0\u00bb][\/dsm_pricelist][\/et_pb_column][\/et_pb_row][\/et_pb_section][et_pb_section fb_built=\u00a0\u00bb1&Prime; custom_padding_last_edited=\u00a0\u00bbon|phone\u00a0\u00bb prev_background_color=\u00a0\u00bb#ffffff\u00a0\u00bb next_background_color=\u00a0\u00bb#2ab1d6&Prime; _builder_version=\u00a0\u00bb4.23.1&Prime; _module_preset=\u00a0\u00bbdefault\u00a0\u00bb background_color=\u00a0\u00bb#5590c1&Prime; background_image=\u00a0\u00bbhttps:\/\/www.stephaniegallay.fr\/wp-content\/uploads\/2024\/12\/Stephanie-Gallay-Sophrologue-a-Vic-en-Bigorre17.jpg\u00a0\u00bb background_blend=\u00a0\u00bbmultiply\u00a0\u00bb custom_padding=\u00a0\u00bb108px||133px||false|false\u00a0\u00bb custom_padding_tablet=\u00a0\u00bb108px||133px||false|false\u00a0\u00bb custom_padding_phone=\u00a0\u00bb50px||80px||false|false\u00a0\u00bb top_divider_style=\u00a0\u00bbramp\u00a0\u00bb top_divider_flip=\u00a0\u00bbvertical\u00a0\u00bb bottom_divider_style=\u00a0\u00bbcurve\u00a0\u00bb bottom_divider_height=\u00a0\u00bb62px\u00a0\u00bb global_colors_info=\u00a0\u00bb{}\u00a0\u00bb][et_pb_row _builder_version=\u00a0\u00bb4.23.1&Prime; _module_preset=\u00a0\u00bbdefault\u00a0\u00bb global_colors_info=\u00a0\u00bb{}\u00a0\u00bb][et_pb_column type=\u00a0\u00bb4_4&Prime; _builder_version=\u00a0\u00bb4.23.1&Prime; _module_preset=\u00a0\u00bbdefault\u00a0\u00bb global_colors_info=\u00a0\u00bb{}\u00a0\u00bb][et_pb_image src=\u00a0\u00bbhttps:\/\/www.stephaniegallay.fr\/wp-content\/uploads\/2024\/12\/icon.svg\u00a0\u00bb title_text=\u00a0\u00bbicon\u00a0\u00bb _builder_version=\u00a0\u00bb4.23.1&Prime; _module_preset=\u00a0\u00bbdefault\u00a0\u00bb width=\u00a0\u00bb6%\u00a0\u00bb width_tablet=\u00a0\u00bb11%\u00a0\u00bb width_phone=\u00a0\u00bb12%\u00a0\u00bb width_last_edited=\u00a0\u00bbon|desktop\u00a0\u00bb module_alignment=\u00a0\u00bbcenter\u00a0\u00bb global_colors_info=\u00a0\u00bb{}\u00a0\u00bb][\/et_pb_image][dsm_star_rating star_alignment=\u00a0\u00bbcenter\u00a0\u00bb stars_size=\u00a0\u00bb24px\u00a0\u00bb stars_gap=\u00a0\u00bb8px\u00a0\u00bb show_number=\u00a0\u00bbon\u00a0\u00bb _builder_version=\u00a0\u00bb4.23.1&Prime; _module_preset=\u00a0\u00bbdefault\u00a0\u00bb header_level=\u00a0\u00bbh1&Prime; header_text_color=\u00a0\u00bb#FFFFFF\u00a0\u00bb rating_number_text_color=\u00a0\u00bb#FFFFFF\u00a0\u00bb global_colors_info=\u00a0\u00bb{}\u00a0\u00bb][\/dsm_star_rating][et_pb_text _builder_version=\u00a0\u00bb4.23.1&Prime; _module_preset=\u00a0\u00bbdefault\u00a0\u00bb text_text_color=\u00a0\u00bb#FFFFFF\u00a0\u00bb header_font=\u00a0\u00bb||||||||\u00a0\u00bb header_text_color=\u00a0\u00bb#FFFFFF\u00a0\u00bb background_enable_color=\u00a0\u00bboff\u00a0\u00bb width=\u00a0\u00bb63%\u00a0\u00bb module_alignment=\u00a0\u00bbcenter\u00a0\u00bb global_colors_info=\u00a0\u00bb{}\u00a0\u00bb]<\/p>\n<h1 class=\"h4 text-center\" style=\"text-align: center;\">Avis sur St\u00e9phanie GALLAY<\/h1>\n<p>[\/et_pb_text][et_pb_divider color=\u00a0\u00bb#FFFFFF\u00a0\u00bb divider_style=\u00a0\u00bbdashed\u00a0\u00bb divider_weight=\u00a0\u00bb2px\u00a0\u00bb _builder_version=\u00a0\u00bb4.23.1&Prime; _module_preset=\u00a0\u00bbdefault\u00a0\u00bb width=\u00a0\u00bb42%\u00a0\u00bb module_alignment=\u00a0\u00bbcenter\u00a0\u00bb global_colors_info=\u00a0\u00bb{}\u00a0\u00bb][\/et_pb_divider][et_pb_slider _builder_version=\u00a0\u00bb4.23.1&Prime; _module_preset=\u00a0\u00bbdefault\u00a0\u00bb background_color=\u00a0\u00bbRGBA(255,255,255,0)\u00a0\u00bb custom_padding=\u00a0\u00bb0px||98px||false|false\u00a0\u00bb global_colors_info=\u00a0\u00bb{}\u00a0\u00bb][et_pb_slide heading=\u00a0\u00bbFranck F\u00a0\u00bb button_text=\u00a0\u00bbTous mes avis en ligne\u00a0\u00bb button_link=\u00a0\u00bbhttps:\/\/www.resalib.fr\/praticien\/90829-stephanie-gallay-sophrologue-vic-en-bigorre?pr=0#reviews\u00a0\u00bb url_new_window=\u00a0\u00bbon\u00a0\u00bb _builder_version=\u00a0\u00bb4.23.1&Prime; _module_preset=\u00a0\u00bbdefault\u00a0\u00bb background_enable_color=\u00a0\u00bboff\u00a0\u00bb global_colors_info=\u00a0\u00bb{}\u00a0\u00bb sticky_transition=\u00a0\u00bbon\u00a0\u00bb]<\/p>\n<p class=\"customer-text\">St\u00e9phanie m&rsquo;a permis d&rsquo;avancer dans la vie la ou d&rsquo;autres on \u00e9chou\u00e9s. Douce, professionnelle, agr\u00e9able, elle sera vous guider j&rsquo;en suis convaincu. Je recommande son art de sophrologie \u00e0 tous.<\/p>\n<p><small>Suite \u00e0 un rendez-vous en novembre 2024<\/small><\/p>\n<p>[\/et_pb_slide][et_pb_slide heading=\u00a0\u00bbGuilaine S.\u00a0\u00bb button_text=\u00a0\u00bbTous mes avis en ligne\u00a0\u00bb button_link=\u00a0\u00bbhttps:\/\/www.resalib.fr\/praticien\/90829-stephanie-gallay-sophrologue-vic-en-bigorre?pr=0#reviews\u00a0\u00bb url_new_window=\u00a0\u00bbon\u00a0\u00bb _builder_version=\u00a0\u00bb4.23.1&Prime; _module_preset=\u00a0\u00bbdefault\u00a0\u00bb background_enable_color=\u00a0\u00bboff\u00a0\u00bb global_colors_info=\u00a0\u00bb{}\u00a0\u00bb sticky_transition=\u00a0\u00bbon\u00a0\u00bb]<\/p>\n<p class=\"customer-text\">Merci pour votre accompagnement professionnel qui m&rsquo;a permis de changer ma vie et d&rsquo;appr\u00e9hender les probl\u00e8mes diff\u00e9remment. Je revis et n&rsquo;h\u00e9siterai pas \u00e0 vous rappeler en cas de besoin<\/p>\n<p class=\"customer-text\"><small>Suite \u00e0 un rendez-vous en octobre 2024<\/small><\/p>\n<p>[\/et_pb_slide][et_pb_slide heading=\u00a0\u00bbY B.\u00a0\u00bb button_text=\u00a0\u00bbTous mes avis en ligne\u00a0\u00bb button_link=\u00a0\u00bbhttps:\/\/www.resalib.fr\/praticien\/90829-stephanie-gallay-sophrologue-vic-en-bigorre?pr=0#reviews\u00a0\u00bb url_new_window=\u00a0\u00bbon\u00a0\u00bb _builder_version=\u00a0\u00bb4.23.1&Prime; _module_preset=\u00a0\u00bbdefault\u00a0\u00bb background_enable_color=\u00a0\u00bboff\u00a0\u00bb global_colors_info=\u00a0\u00bb{}\u00a0\u00bb sticky_transition=\u00a0\u00bbon\u00a0\u00bb]<\/p>\n<p class=\"customer-text\">J&rsquo;ai quitt\u00e9 la s\u00e9ance en me sentant plus l\u00e9ger et serein. Cela m&rsquo;a aid\u00e9 \u00e0 g\u00e9rer mon stress. Je recommande vivement St\u00e9phanie \u00e0 ceux qui cherchent \u00e0 am\u00e9liorer leur bien-\u00eatre mental et physique. Une belle d\u00e9couverte !<\/p>\n<p class=\"customer-text\"><small>Suite \u00e0 un rendez-vous en septembre 2024<\/small><\/p>\n<p>[\/et_pb_slide][et_pb_slide heading=\u00a0\u00bbChristelle P.\u00a0\u00bb button_text=\u00a0\u00bbTous mes avis en ligne\u00a0\u00bb button_link=\u00a0\u00bbhttps:\/\/www.resalib.fr\/praticien\/90829-stephanie-gallay-sophrologue-vic-en-bigorre?pr=0#reviews\u00a0\u00bb url_new_window=\u00a0\u00bbon\u00a0\u00bb _builder_version=\u00a0\u00bb4.23.1&Prime; _module_preset=\u00a0\u00bbdefault\u00a0\u00bb background_enable_color=\u00a0\u00bboff\u00a0\u00bb global_colors_info=\u00a0\u00bb{}\u00a0\u00bb sticky_transition=\u00a0\u00bbon\u00a0\u00bb]<\/p>\n<p class=\"customer-text\">Tr\u00e8s agr\u00e9able et douce. Je recommande<br \/><small>Suite \u00e0 un rendez-vous en juin 2024<\/small><\/p>\n<p>[\/et_pb_slide][et_pb_slide heading=\u00a0\u00bbV.\u00a0\u00bb button_text=\u00a0\u00bbTous mes avis en ligne\u00a0\u00bb button_link=\u00a0\u00bbhttps:\/\/www.resalib.fr\/praticien\/90829-stephanie-gallay-sophrologue-vic-en-bigorre?pr=0#reviews\u00a0\u00bb url_new_window=\u00a0\u00bbon\u00a0\u00bb _builder_version=\u00a0\u00bb4.23.1&Prime; _module_preset=\u00a0\u00bbdefault\u00a0\u00bb background_enable_color=\u00a0\u00bboff\u00a0\u00bb link_option_url_new_window=\u00a0\u00bbon\u00a0\u00bb global_colors_info=\u00a0\u00bb{}\u00a0\u00bb sticky_transition=\u00a0\u00bbon\u00a0\u00bb]<\/p>\n<p class=\"customer-text\">St\u00e9phanie a su me d\u00e9tendre, contr\u00f4ler mon stress, je la recommande 100%<\/p>\n<p class=\"customer-text\"><small>Suite \u00e0 un rendez-vous en juin 2024<\/small><\/p>\n<p>[\/et_pb_slide][et_pb_slide heading=\u00a0\u00bbE R.\u00a0\u00bb button_text=\u00a0\u00bbTous mes avis en ligne\u00a0\u00bb button_link=\u00a0\u00bbhttps:\/\/www.resalib.fr\/praticien\/90829-stephanie-gallay-sophrologue-vic-en-bigorre?pr=0#reviews\u00a0\u00bb url_new_window=\u00a0\u00bbon\u00a0\u00bb _builder_version=\u00a0\u00bb4.23.1&Prime; _module_preset=\u00a0\u00bbdefault\u00a0\u00bb background_enable_color=\u00a0\u00bboff\u00a0\u00bb global_colors_info=\u00a0\u00bb{}\u00a0\u00bb sticky_transition=\u00a0\u00bbon\u00a0\u00bb]<\/p>\n<p class=\"customer-text\">Merci de m\u2019avoir fait travailler sur moi. Ce n\u2019\u00e9tait vraiment pas gagn\u00e9 !!! Approche r\u00e9confortante et professionnalisme ma\u00eetris\u00e9 !!! Merci mille fois encore<\/p>\n<p class=\"customer-text\"><small>Suite \u00e0 un rendez-vous en juin 2024<\/small><\/p>\n<p>[\/et_pb_slide][et_pb_slide heading=\u00a0\u00bbDavid C.\u00a0\u00bb button_text=\u00a0\u00bbTous mes avis en ligne\u00a0\u00bb button_link=\u00a0\u00bbhttps:\/\/www.resalib.fr\/praticien\/90829-stephanie-gallay-sophrologue-vic-en-bigorre?pr=0#reviews\u00a0\u00bb url_new_window=\u00a0\u00bbon\u00a0\u00bb _builder_version=\u00a0\u00bb4.23.1&Prime; _module_preset=\u00a0\u00bbdefault\u00a0\u00bb background_enable_color=\u00a0\u00bboff\u00a0\u00bb global_colors_info=\u00a0\u00bb{}\u00a0\u00bb sticky_transition=\u00a0\u00bbon\u00a0\u00bb]<\/p>\n<p class=\"customer-text\">St\u00e9phanie a ce pouvoir que seul ont les sophrologue. Elle vous permet vraiment de vous sentir bien. Une personne bienfaisante qui m\u00e9rite vraiment d&rsquo;\u00eatre connu.<\/p>\n<p class=\"customer-text\"><small>Suite \u00e0 un rendez-vous en mai 2024<\/small><\/p>\n<p>[\/et_pb_slide][et_pb_slide heading=\u00a0\u00bbKevin r.\u00a0\u00bb button_text=\u00a0\u00bbTous mes avis en ligne\u00a0\u00bb button_link=\u00a0\u00bbhttps:\/\/www.resalib.fr\/praticien\/90829-stephanie-gallay-sophrologue-vic-en-bigorre?pr=0#reviews\u00a0\u00bb url_new_window=\u00a0\u00bbon\u00a0\u00bb _builder_version=\u00a0\u00bb4.23.1&Prime; _module_preset=\u00a0\u00bbdefault\u00a0\u00bb background_enable_color=\u00a0\u00bboff\u00a0\u00bb global_colors_info=\u00a0\u00bb{}\u00a0\u00bb sticky_transition=\u00a0\u00bbon\u00a0\u00bb]<\/p>\n<p class=\"customer-text\">stephanie est une personne \u00e0 l&rsquo;\u00e9coute qui a su me comprendre, m&rsquo;orienter et m&rsquo;a donn\u00e9 les clefs pour g\u00e9rer mon stress. r\u00e9sultat tr\u00e8s positif. merci pour l&rsquo;accompagnement<\/p>\n<p class=\"customer-text\"><small>Suite \u00e0 un rendez-vous en mai 2024<\/small><\/p>\n<p>[\/et_pb_slide][\/et_pb_slider][\/et_pb_column][\/et_pb_row][\/et_pb_section]<\/p>\n","protected":false},"excerpt":{"rendered":"<p>S\u00e9ances de Sophrologie \u00e0 Vic-en-Bigorre Individuelles et en Ligne St\u00e9phanie Gallay, Sophrologue \u00e0 Vic-en-BigorreEn cabinet ou en visio, profitez d\u2019un accompagnement personnalis\u00e9 :S\u00e9ances individuelles : Un accompagnement sur-mesure pour r\u00e9pondre \u00e0 vos besoins sp\u00e9cifiques (stress, confiance en soi, phobies, etc.).Travaillez ensemble sur des probl\u00e9matiques personnelles, comme les difficult\u00e9s physiques, \u00e9motionnelles ou relationnelles, ainsi que sur l\u2019am\u00e9lioration de la communication au sein du couple.Une pause bien-\u00eatre de 90 minutes sur un th\u00e8me pr\u00e9cis (gestion du stress, relaxation profonde, etc.).S\u00e9ances individuelles : Un accompagnement sur-mesure pour r\u00e9pondre \u00e0 vos besoins sp\u00e9cifiques (stress, confiance en soi, phobies, etc.)Chaque s\u00e9ance est un espace bienveillant o\u00f9vous pouvez vous reconnecter \u00e0 vous-m\u00eame. Tarifs sur devis pour les entreprises et groupes.<div class=\"et_pb_module dsm_pricelist dsm_pricelist_0\">\n\t\t\t\t\n\t\t\t\t\n\t\t\t\t\n\t\t\t\t\n\t\t\t\t\n\t\t\t\t\n\t\t\t\t<div class=\"et_pb_module_inner\">\n\t\t\t\t\t<div class=\"dsm_pricelist\"><\/div>\n\t\t\t\t<\/div>\n\t\t\t<\/div><div class=\"et_pb_module dsm_star_rating dsm_star_rating_0  et_pb_bg_layout_light\">\n\t\t\t\t\n\t\t\t\t\n\t\t\t\t\n\t\t\t\t\n\t\t\t\t\n\t\t\t\t\n\t\t\t\t<div class=\"et_pb_module_inner\">\n\t\t\t\t\t<div class=\"dsm-star-rating-wrapper dsm-star-display-type-inline-block dsm-star-title-position-left\">\n\t\t\t\t<div class=\"dsm-star-rating\" title=\"5\/5\"><i class=\"dsm-star-full\">\u2606<\/i><i class=\"dsm-star-full\">\u2606<\/i><i class=\"dsm-star-full\">\u2606<\/i><i class=\"dsm-star-full\">\u2606<\/i><i class=\"dsm-star-full\">\u2606<\/i> <span class=\"dsm-star-rating-text\"><span>(<span>5<\/span>\/<span>5<\/span>)<\/span><\/div>\n\t\t\t\t<\/div>\n\t\t\t\t<\/div>\n\t\t\t<\/div>Avis sur St\u00e9phanie GALLAYSt\u00e9phanie m&rsquo;a permis d&rsquo;avancer dans la vie la ou d&rsquo;autres on \u00e9chou\u00e9s. Douce, professionnelle, agr\u00e9able, elle sera vous guider j&rsquo;en suis convaincu. Je recommande son art de sophrologie \u00e0 tous. Suite \u00e0 un rendez-vous en novembre 2024Merci pour votre accompagnement professionnel qui m&rsquo;a permis de changer ma vie et d&rsquo;appr\u00e9hender les probl\u00e8mes diff\u00e9remment. Je revis et n&rsquo;h\u00e9siterai pas \u00e0 vous rappeler en cas de besoin Suite \u00e0 un rendez-vous en octobre [&hellip;]<\/p>\n","protected":false},"author":1,"featured_media":0,"parent":0,"menu_order":0,"comment_status":"closed","ping_status":"closed","template":"","meta":{"_et_pb_use_builder":"on","_et_pb_old_content":"<!-- wp:divi\/placeholder \/-->","_et_gb_content_width":"","inline_featured_image":false,"footnotes":""},"class_list":["post-30","page","type-page","status-publish","hentry"],"_links":{"self":[{"href":"https:\/\/www.stephaniegallay.fr\/index.php?rest_route=\/wp\/v2\/pages\/30","targetHints":{"allow":["GET"]}}],"collection":[{"href":"https:\/\/www.stephaniegallay.fr\/index.php?rest_route=\/wp\/v2\/pages"}],"about":[{"href":"https:\/\/www.stephaniegallay.fr\/index.php?rest_route=\/wp\/v2\/types\/page"}],"author":[{"embeddable":true,"href":"https:\/\/www.stephaniegallay.fr\/index.php?rest_route=\/wp\/v2\/users\/1"}],"replies":[{"embeddable":true,"href":"https:\/\/www.stephaniegallay.fr\/index.php?rest_route=%2Fwp%2Fv2%2Fcomments&post=30"}],"version-history":[{"count":12,"href":"https:\/\/www.stephaniegallay.fr\/index.php?rest_route=\/wp\/v2\/pages\/30\/revisions"}],"predecessor-version":[{"id":185,"href":"https:\/\/www.stephaniegallay.fr\/index.php?rest_route=\/wp\/v2\/pages\/30\/revisions\/185"}],"wp:attachment":[{"href":"https:\/\/www.stephaniegallay.fr\/index.php?rest_route=%2Fwp%2Fv2%2Fmedia&parent=30"}],"curies":[{"name":"wp","href":"https:\/\/api.w.org\/{rel}","templated":true}]}}