{"id":34,"date":"2024-12-06T12:59:23","date_gmt":"2024-12-06T12:59:23","guid":{"rendered":"https:\/\/www.stephaniegallay.fr\/?page_id=34"},"modified":"2025-04-07T16:24:30","modified_gmt":"2025-04-07T16:24:30","slug":"prendre-rdv","status":"publish","type":"page","link":"https:\/\/www.stephaniegallay.fr\/?page_id=34","title":{"rendered":"Prendre RDV"},"content":{"rendered":"<p>[et_pb_section fb_built=\u00a0\u00bb1&Prime; custom_padding_last_edited=\u00a0\u00bbon|desktop\u00a0\u00bb next_background_color=\u00a0\u00bb#ffffff\u00a0\u00bb _builder_version=\u00a0\u00bb4.23.1&Prime; _module_preset=\u00a0\u00bbdefault\u00a0\u00bb background_color=\u00a0\u00bb#0C71C3&Prime; background_image=\u00a0\u00bbhttps:\/\/www.stephaniegallay.fr\/wp-content\/uploads\/2024\/12\/Stephanie-Gallay-Sophrologue-a-Vic-en-Bigorre18.jpg\u00a0\u00bb custom_padding=\u00a0\u00bb23px||48px||false|false\u00a0\u00bb custom_padding_tablet=\u00a0\u00bb100px||100px||false|false\u00a0\u00bb custom_padding_phone=\u00a0\u00bb50px||91px||false|false\u00a0\u00bb bottom_divider_style=\u00a0\u00bbramp\u00a0\u00bb global_colors_info=\u00a0\u00bb{}\u00a0\u00bb][et_pb_row _builder_version=\u00a0\u00bb4.23.1&Prime; _module_preset=\u00a0\u00bbdefault\u00a0\u00bb global_colors_info=\u00a0\u00bb{}\u00a0\u00bb][et_pb_column type=\u00a0\u00bb4_4&Prime; _builder_version=\u00a0\u00bb4.23.1&Prime; _module_preset=\u00a0\u00bbdefault\u00a0\u00bb global_colors_info=\u00a0\u00bb{}\u00a0\u00bb][et_pb_image src=\u00a0\u00bbhttps:\/\/www.stephaniegallay.fr\/wp-content\/uploads\/2024\/12\/icon.svg\u00a0\u00bb title_text=\u00a0\u00bbicon\u00a0\u00bb _builder_version=\u00a0\u00bb4.23.1&Prime; _module_preset=\u00a0\u00bbdefault\u00a0\u00bb width=\u00a0\u00bb6%\u00a0\u00bb width_tablet=\u00a0\u00bb11%\u00a0\u00bb width_phone=\u00a0\u00bb12%\u00a0\u00bb width_last_edited=\u00a0\u00bbon|desktop\u00a0\u00bb module_alignment=\u00a0\u00bbcenter\u00a0\u00bb global_colors_info=\u00a0\u00bb{}\u00a0\u00bb][\/et_pb_image][et_pb_text _builder_version=\u00a0\u00bb4.23.1&Prime; _module_preset=\u00a0\u00bbdefault\u00a0\u00bb header_text_color=\u00a0\u00bb#FFFFFF\u00a0\u00bb header_line_height=\u00a0\u00bb1.3em\u00a0\u00bb global_colors_info=\u00a0\u00bb{}\u00a0\u00bb]<\/p>\n<h1 style=\"text-align: center;\"> Prenez Rendez-vous avec St\u00e9phanie Gallay,<br \/>\nSophrologue \u00e0 Vic-en-Bigorre <\/h1>\n<p>[\/et_pb_text][\/et_pb_column][\/et_pb_row][\/et_pb_section][et_pb_section fb_built=\u00a0\u00bb1&Prime; _builder_version=\u00a0\u00bb4.23.1&Prime; _module_preset=\u00a0\u00bbdefault\u00a0\u00bb global_colors_info=\u00a0\u00bb{}\u00a0\u00bb][et_pb_row column_structure=\u00a0\u00bb1_2,1_2&Prime; _builder_version=\u00a0\u00bb4.23.1&Prime; _module_preset=\u00a0\u00bbdefault\u00a0\u00bb global_colors_info=\u00a0\u00bb{}\u00a0\u00bb][et_pb_column type=\u00a0\u00bb1_2&Prime; _builder_version=\u00a0\u00bb4.23.1&Prime; _module_preset=\u00a0\u00bbdefault\u00a0\u00bb global_colors_info=\u00a0\u00bb{}\u00a0\u00bb][et_pb_text _builder_version=\u00a0\u00bb4.23.1&Prime; _module_preset=\u00a0\u00bbdefault\u00a0\u00bb custom_margin=\u00a0\u00bb||20px|||\u00a0\u00bb global_colors_info=\u00a0\u00bb{}\u00a0\u00bb]<\/p>\n<h6>St\u00e9phanie Gallay, Sophrologue \u00e0 Vic-en-Bigorre<\/h6>\n<p>[\/et_pb_text][et_pb_text _builder_version=\u00a0\u00bb4.23.1&Prime; _module_preset=\u00a0\u00bbdefault\u00a0\u00bb custom_margin=\u00a0\u00bb||21px|||\u00a0\u00bb global_colors_info=\u00a0\u00bb{}\u00a0\u00bb]<\/p>\n<h1>Prenez Rendez-vous avec St\u00e9phanie Gallay<\/h1>\n<p>[\/et_pb_text][et_pb_text _builder_version=\u00a0\u00bb4.23.1&Prime; _module_preset=\u00a0\u00bbdefault\u00a0\u00bb global_colors_info=\u00a0\u00bb{}\u00a0\u00bb]<\/p>\n<p>R\u00e9servez votre s\u00e9ance de sophrologie en ligne ou en cabinet avec St\u00e9phanie Gallay. Choisissez un cr\u00e9neau et commencez votre chemin vers le bien-\u00eatre. En cabinet \u00e0 Vic-en-Bigorre.\u2028\u2028- En visioconf\u00e9rence depuis le confort de chez vous.\u2028\u2028Pour prendre rendez-vous, utilisez notre formulaire en ligne ou contactez-moi directement au <strong>06 76 67 52 96<\/strong><\/p>\n<p>[\/et_pb_text][et_pb_contact_form email=\u00a0\u00bbstephaniegallay5@gmail.com, hello@marcguerriot.com\u00a0\u00bb title=\u00a0\u00bbR\u00e9servez votre s\u00e9ance en toute simplicit\u00e9 :\u00a0\u00bb _builder_version=\u00a0\u00bb4.23.1&Prime; _module_preset=\u00a0\u00bbdefault\u00a0\u00bb _unique_id=\u00a0\u00bbe1f246a4-2d54-4e31-870f-32ca194dacae\u00a0\u00bb global_colors_info=\u00a0\u00bb{}\u00a0\u00bb][et_pb_contact_field field_id=\u00a0\u00bbName\u00a0\u00bb field_title=\u00a0\u00bbNom\u00a0\u00bb _builder_version=\u00a0\u00bb4.16&Prime; global_colors_info=\u00a0\u00bb{}\u00a0\u00bb button_text_size__hover_enabled=\u00a0\u00bboff\u00a0\u00bb button_one_text_size__hover_enabled=\u00a0\u00bboff\u00a0\u00bb button_two_text_size__hover_enabled=\u00a0\u00bboff\u00a0\u00bb button_text_color__hover_enabled=\u00a0\u00bboff\u00a0\u00bb button_one_text_color__hover_enabled=\u00a0\u00bboff\u00a0\u00bb button_two_text_color__hover_enabled=\u00a0\u00bboff\u00a0\u00bb button_border_width__hover_enabled=\u00a0\u00bboff\u00a0\u00bb button_one_border_width__hover_enabled=\u00a0\u00bboff\u00a0\u00bb button_two_border_width__hover_enabled=\u00a0\u00bboff\u00a0\u00bb button_border_color__hover_enabled=\u00a0\u00bboff\u00a0\u00bb button_one_border_color__hover_enabled=\u00a0\u00bboff\u00a0\u00bb button_two_border_color__hover_enabled=\u00a0\u00bboff\u00a0\u00bb button_border_radius__hover_enabled=\u00a0\u00bboff\u00a0\u00bb button_one_border_radius__hover_enabled=\u00a0\u00bboff\u00a0\u00bb button_two_border_radius__hover_enabled=\u00a0\u00bboff\u00a0\u00bb button_letter_spacing__hover_enabled=\u00a0\u00bboff\u00a0\u00bb button_one_letter_spacing__hover_enabled=\u00a0\u00bboff\u00a0\u00bb button_two_letter_spacing__hover_enabled=\u00a0\u00bboff\u00a0\u00bb button_bg_color__hover_enabled=\u00a0\u00bboff\u00a0\u00bb button_one_bg_color__hover_enabled=\u00a0\u00bboff\u00a0\u00bb button_two_bg_color__hover_enabled=\u00a0\u00bboff\u00a0\u00bb][\/et_pb_contact_field][et_pb_contact_field field_id=\u00a0\u00bbEmail\u00a0\u00bb field_title=\u00a0\u00bbAdresse e-mail\u00a0\u00bb field_type=\u00a0\u00bbemail\u00a0\u00bb _builder_version=\u00a0\u00bb4.16&Prime; global_colors_info=\u00a0\u00bb{}\u00a0\u00bb button_text_size__hover_enabled=\u00a0\u00bboff\u00a0\u00bb button_one_text_size__hover_enabled=\u00a0\u00bboff\u00a0\u00bb button_two_text_size__hover_enabled=\u00a0\u00bboff\u00a0\u00bb button_text_color__hover_enabled=\u00a0\u00bboff\u00a0\u00bb button_one_text_color__hover_enabled=\u00a0\u00bboff\u00a0\u00bb button_two_text_color__hover_enabled=\u00a0\u00bboff\u00a0\u00bb button_border_width__hover_enabled=\u00a0\u00bboff\u00a0\u00bb button_one_border_width__hover_enabled=\u00a0\u00bboff\u00a0\u00bb button_two_border_width__hover_enabled=\u00a0\u00bboff\u00a0\u00bb button_border_color__hover_enabled=\u00a0\u00bboff\u00a0\u00bb button_one_border_color__hover_enabled=\u00a0\u00bboff\u00a0\u00bb button_two_border_color__hover_enabled=\u00a0\u00bboff\u00a0\u00bb button_border_radius__hover_enabled=\u00a0\u00bboff\u00a0\u00bb button_one_border_radius__hover_enabled=\u00a0\u00bboff\u00a0\u00bb button_two_border_radius__hover_enabled=\u00a0\u00bboff\u00a0\u00bb button_letter_spacing__hover_enabled=\u00a0\u00bboff\u00a0\u00bb button_one_letter_spacing__hover_enabled=\u00a0\u00bboff\u00a0\u00bb button_two_letter_spacing__hover_enabled=\u00a0\u00bboff\u00a0\u00bb button_bg_color__hover_enabled=\u00a0\u00bboff\u00a0\u00bb button_one_bg_color__hover_enabled=\u00a0\u00bboff\u00a0\u00bb button_two_bg_color__hover_enabled=\u00a0\u00bboff\u00a0\u00bb][\/et_pb_contact_field][et_pb_contact_field field_id=\u00a0\u00bbMessage\u00a0\u00bb field_title=\u00a0\u00bbMessage\u00a0\u00bb field_type=\u00a0\u00bbtext\u00a0\u00bb fullwidth_field=\u00a0\u00bbon\u00a0\u00bb _builder_version=\u00a0\u00bb4.16&Prime; global_colors_info=\u00a0\u00bb{}\u00a0\u00bb button_text_size__hover_enabled=\u00a0\u00bboff\u00a0\u00bb button_one_text_size__hover_enabled=\u00a0\u00bboff\u00a0\u00bb button_two_text_size__hover_enabled=\u00a0\u00bboff\u00a0\u00bb button_text_color__hover_enabled=\u00a0\u00bboff\u00a0\u00bb button_one_text_color__hover_enabled=\u00a0\u00bboff\u00a0\u00bb button_two_text_color__hover_enabled=\u00a0\u00bboff\u00a0\u00bb button_border_width__hover_enabled=\u00a0\u00bboff\u00a0\u00bb button_one_border_width__hover_enabled=\u00a0\u00bboff\u00a0\u00bb button_two_border_width__hover_enabled=\u00a0\u00bboff\u00a0\u00bb button_border_color__hover_enabled=\u00a0\u00bboff\u00a0\u00bb button_one_border_color__hover_enabled=\u00a0\u00bboff\u00a0\u00bb button_two_border_color__hover_enabled=\u00a0\u00bboff\u00a0\u00bb button_border_radius__hover_enabled=\u00a0\u00bboff\u00a0\u00bb button_one_border_radius__hover_enabled=\u00a0\u00bboff\u00a0\u00bb button_two_border_radius__hover_enabled=\u00a0\u00bboff\u00a0\u00bb button_letter_spacing__hover_enabled=\u00a0\u00bboff\u00a0\u00bb button_one_letter_spacing__hover_enabled=\u00a0\u00bboff\u00a0\u00bb button_two_letter_spacing__hover_enabled=\u00a0\u00bboff\u00a0\u00bb button_bg_color__hover_enabled=\u00a0\u00bboff\u00a0\u00bb button_one_bg_color__hover_enabled=\u00a0\u00bboff\u00a0\u00bb button_two_bg_color__hover_enabled=\u00a0\u00bboff\u00a0\u00bb][\/et_pb_contact_field][et_pb_contact_field field_id=\u00a0\u00bbTarifs\u00a0\u00bb field_title=\u00a0\u00bbTarifs des S\u00e9ances de Sophrologie\u00a0\u00bb field_type=\u00a0\u00bbselect\u00a0\u00bb select_options=\u00a0\u00bb%91{%22value%22:%22S\u00e9ance individuelle : 40 \u20ac (1h).%22,%22checked%22:0,%22dragID%22:-1},{%22value%22:%22Accompagnement de couple : 60 \u20ac (1h)%22,%22checked%22:0,%22dragID%22:1},{%22value%22:%22S\u00e9ance %92%22Parenth\u00e8se%92%22 : 70 \u20ac (1h30).%22,%22checked%22:0,%22dragID%22:0},{%22value%22:%22Pack de 5 s\u00e9ances individuelles : 180\u20ac (soit 10 % de r\u00e9duction)%22,%22checked%22:0,%22dragID%22:2},{%22value%22:%22Tarifs sur devis pour les entreprises et groupes%22,%22checked%22:0,%22dragID%22:3}%93&Prime; fullwidth_field=\u00a0\u00bbon\u00a0\u00bb _builder_version=\u00a0\u00bb4.23.1&Prime; _module_preset=\u00a0\u00bbdefault\u00a0\u00bb global_colors_info=\u00a0\u00bb{}\u00a0\u00bb][\/et_pb_contact_field][\/et_pb_contact_form][\/et_pb_column][et_pb_column type=\u00a0\u00bb1_2&Prime; _builder_version=\u00a0\u00bb4.23.1&Prime; _module_preset=\u00a0\u00bbdefault\u00a0\u00bb global_colors_info=\u00a0\u00bb{}\u00a0\u00bb][et_pb_image src=\u00a0\u00bbhttps:\/\/www.stephaniegallay.fr\/wp-content\/uploads\/2025\/04\/SG.jpg\u00a0\u00bb title_text=\u00a0\u00bbSG\u00a0\u00bb _builder_version=\u00a0\u00bb4.23.1&Prime; _module_preset=\u00a0\u00bbdefault\u00a0\u00bb hover_enabled=\u00a0\u00bb0&Prime; global_colors_info=\u00a0\u00bb{}\u00a0\u00bb sticky_enabled=\u00a0\u00bb0&Prime;][\/et_pb_image][\/et_pb_column][\/et_pb_row][\/et_pb_section][et_pb_section fb_built=\u00a0\u00bb1&Prime; custom_padding_last_edited=\u00a0\u00bbon|phone\u00a0\u00bb prev_background_color=\u00a0\u00bb#ffffff\u00a0\u00bb next_background_color=\u00a0\u00bb#2ab1d6&Prime; _builder_version=\u00a0\u00bb4.23.1&Prime; _module_preset=\u00a0\u00bbdefault\u00a0\u00bb background_color=\u00a0\u00bb#5590c1&Prime; background_image=\u00a0\u00bbhttps:\/\/www.stephaniegallay.fr\/wp-content\/uploads\/2024\/12\/Stephanie-Gallay-Sophrologue-a-Vic-en-Bigorre17.jpg\u00a0\u00bb background_blend=\u00a0\u00bbmultiply\u00a0\u00bb custom_padding=\u00a0\u00bb108px||133px||false|false\u00a0\u00bb custom_padding_tablet=\u00a0\u00bb108px||133px||false|false\u00a0\u00bb custom_padding_phone=\u00a0\u00bb50px||80px||false|false\u00a0\u00bb top_divider_style=\u00a0\u00bbramp\u00a0\u00bb top_divider_flip=\u00a0\u00bbvertical\u00a0\u00bb bottom_divider_style=\u00a0\u00bbcurve\u00a0\u00bb bottom_divider_height=\u00a0\u00bb62px\u00a0\u00bb global_colors_info=\u00a0\u00bb{}\u00a0\u00bb][et_pb_row _builder_version=\u00a0\u00bb4.23.1&Prime; _module_preset=\u00a0\u00bbdefault\u00a0\u00bb global_colors_info=\u00a0\u00bb{}\u00a0\u00bb][et_pb_column type=\u00a0\u00bb4_4&Prime; _builder_version=\u00a0\u00bb4.23.1&Prime; _module_preset=\u00a0\u00bbdefault\u00a0\u00bb global_colors_info=\u00a0\u00bb{}\u00a0\u00bb][et_pb_image src=\u00a0\u00bbhttps:\/\/www.stephaniegallay.fr\/wp-content\/uploads\/2024\/12\/icon.svg\u00a0\u00bb title_text=\u00a0\u00bbicon\u00a0\u00bb _builder_version=\u00a0\u00bb4.23.1&Prime; _module_preset=\u00a0\u00bbdefault\u00a0\u00bb width=\u00a0\u00bb6%\u00a0\u00bb width_tablet=\u00a0\u00bb11%\u00a0\u00bb width_phone=\u00a0\u00bb12%\u00a0\u00bb width_last_edited=\u00a0\u00bbon|desktop\u00a0\u00bb module_alignment=\u00a0\u00bbcenter\u00a0\u00bb global_colors_info=\u00a0\u00bb{}\u00a0\u00bb][\/et_pb_image][dsm_star_rating star_alignment=\u00a0\u00bbcenter\u00a0\u00bb stars_size=\u00a0\u00bb24px\u00a0\u00bb stars_gap=\u00a0\u00bb8px\u00a0\u00bb show_number=\u00a0\u00bbon\u00a0\u00bb _builder_version=\u00a0\u00bb4.23.1&Prime; _module_preset=\u00a0\u00bbdefault\u00a0\u00bb header_level=\u00a0\u00bbh1&Prime; header_text_color=\u00a0\u00bb#FFFFFF\u00a0\u00bb rating_number_text_color=\u00a0\u00bb#FFFFFF\u00a0\u00bb global_colors_info=\u00a0\u00bb{}\u00a0\u00bb][\/dsm_star_rating][et_pb_text _builder_version=\u00a0\u00bb4.23.1&Prime; _module_preset=\u00a0\u00bbdefault\u00a0\u00bb text_text_color=\u00a0\u00bb#FFFFFF\u00a0\u00bb header_font=\u00a0\u00bb||||||||\u00a0\u00bb header_text_color=\u00a0\u00bb#FFFFFF\u00a0\u00bb background_enable_color=\u00a0\u00bboff\u00a0\u00bb width=\u00a0\u00bb63%\u00a0\u00bb module_alignment=\u00a0\u00bbcenter\u00a0\u00bb global_colors_info=\u00a0\u00bb{}\u00a0\u00bb]<\/p>\n<h1 class=\"h4 text-center\" style=\"text-align: center;\">Avis sur St\u00e9phanie GALLAY<\/h1>\n<p>[\/et_pb_text][et_pb_divider color=\u00a0\u00bb#FFFFFF\u00a0\u00bb divider_style=\u00a0\u00bbdashed\u00a0\u00bb divider_weight=\u00a0\u00bb2px\u00a0\u00bb _builder_version=\u00a0\u00bb4.23.1&Prime; _module_preset=\u00a0\u00bbdefault\u00a0\u00bb width=\u00a0\u00bb42%\u00a0\u00bb module_alignment=\u00a0\u00bbcenter\u00a0\u00bb global_colors_info=\u00a0\u00bb{}\u00a0\u00bb][\/et_pb_divider][et_pb_slider _builder_version=\u00a0\u00bb4.23.1&Prime; _module_preset=\u00a0\u00bbdefault\u00a0\u00bb background_color=\u00a0\u00bbRGBA(255,255,255,0)\u00a0\u00bb custom_padding=\u00a0\u00bb0px||98px||false|false\u00a0\u00bb global_colors_info=\u00a0\u00bb{}\u00a0\u00bb][et_pb_slide heading=\u00a0\u00bbFranck F\u00a0\u00bb button_text=\u00a0\u00bbTous mes avis en ligne\u00a0\u00bb button_link=\u00a0\u00bbhttps:\/\/www.resalib.fr\/praticien\/90829-stephanie-gallay-sophrologue-vic-en-bigorre?pr=0#reviews\u00a0\u00bb url_new_window=\u00a0\u00bbon\u00a0\u00bb _builder_version=\u00a0\u00bb4.23.1&Prime; _module_preset=\u00a0\u00bbdefault\u00a0\u00bb background_enable_color=\u00a0\u00bboff\u00a0\u00bb global_colors_info=\u00a0\u00bb{}\u00a0\u00bb sticky_transition=\u00a0\u00bbon\u00a0\u00bb]<\/p>\n<p class=\"customer-text\">St\u00e9phanie m&rsquo;a permis d&rsquo;avancer dans la vie la ou d&rsquo;autres on \u00e9chou\u00e9s. Douce, professionnelle, agr\u00e9able, elle sera vous guider j&rsquo;en suis convaincu. Je recommande son art de sophrologie \u00e0 tous.<\/p>\n<p><small>Suite \u00e0 un rendez-vous en novembre 2024<\/small><\/p>\n<p>[\/et_pb_slide][et_pb_slide heading=\u00a0\u00bbGuilaine S.\u00a0\u00bb button_text=\u00a0\u00bbTous mes avis en ligne\u00a0\u00bb button_link=\u00a0\u00bbhttps:\/\/www.resalib.fr\/praticien\/90829-stephanie-gallay-sophrologue-vic-en-bigorre?pr=0#reviews\u00a0\u00bb url_new_window=\u00a0\u00bbon\u00a0\u00bb _builder_version=\u00a0\u00bb4.23.1&Prime; _module_preset=\u00a0\u00bbdefault\u00a0\u00bb background_enable_color=\u00a0\u00bboff\u00a0\u00bb global_colors_info=\u00a0\u00bb{}\u00a0\u00bb sticky_transition=\u00a0\u00bbon\u00a0\u00bb]<\/p>\n<p class=\"customer-text\">Merci pour votre accompagnement professionnel qui m&rsquo;a permis de changer ma vie et d&rsquo;appr\u00e9hender les probl\u00e8mes diff\u00e9remment. Je revis et n&rsquo;h\u00e9siterai pas \u00e0 vous rappeler en cas de besoin<\/p>\n<p class=\"customer-text\"><small>Suite \u00e0 un rendez-vous en octobre 2024<\/small><\/p>\n<p>[\/et_pb_slide][et_pb_slide heading=\u00a0\u00bbY B.\u00a0\u00bb button_text=\u00a0\u00bbTous mes avis en ligne\u00a0\u00bb button_link=\u00a0\u00bbhttps:\/\/www.resalib.fr\/praticien\/90829-stephanie-gallay-sophrologue-vic-en-bigorre?pr=0#reviews\u00a0\u00bb url_new_window=\u00a0\u00bbon\u00a0\u00bb _builder_version=\u00a0\u00bb4.23.1&Prime; _module_preset=\u00a0\u00bbdefault\u00a0\u00bb background_enable_color=\u00a0\u00bboff\u00a0\u00bb global_colors_info=\u00a0\u00bb{}\u00a0\u00bb sticky_transition=\u00a0\u00bbon\u00a0\u00bb]<\/p>\n<p class=\"customer-text\">J&rsquo;ai quitt\u00e9 la s\u00e9ance en me sentant plus l\u00e9ger et serein. Cela m&rsquo;a aid\u00e9 \u00e0 g\u00e9rer mon stress. Je recommande vivement St\u00e9phanie \u00e0 ceux qui cherchent \u00e0 am\u00e9liorer leur bien-\u00eatre mental et physique. Une belle d\u00e9couverte !<\/p>\n<p class=\"customer-text\"><small>Suite \u00e0 un rendez-vous en septembre 2024<\/small><\/p>\n<p>[\/et_pb_slide][et_pb_slide heading=\u00a0\u00bbChristelle P.\u00a0\u00bb button_text=\u00a0\u00bbTous mes avis en ligne\u00a0\u00bb button_link=\u00a0\u00bbhttps:\/\/www.resalib.fr\/praticien\/90829-stephanie-gallay-sophrologue-vic-en-bigorre?pr=0#reviews\u00a0\u00bb url_new_window=\u00a0\u00bbon\u00a0\u00bb _builder_version=\u00a0\u00bb4.23.1&Prime; _module_preset=\u00a0\u00bbdefault\u00a0\u00bb background_enable_color=\u00a0\u00bboff\u00a0\u00bb global_colors_info=\u00a0\u00bb{}\u00a0\u00bb sticky_transition=\u00a0\u00bbon\u00a0\u00bb]<\/p>\n<p class=\"customer-text\">Tr\u00e8s agr\u00e9able et douce. Je recommande<br \/><small>Suite \u00e0 un rendez-vous en juin 2024<\/small><\/p>\n<p>[\/et_pb_slide][et_pb_slide heading=\u00a0\u00bbV.\u00a0\u00bb button_text=\u00a0\u00bbTous mes avis en ligne\u00a0\u00bb button_link=\u00a0\u00bbhttps:\/\/www.resalib.fr\/praticien\/90829-stephanie-gallay-sophrologue-vic-en-bigorre?pr=0#reviews\u00a0\u00bb url_new_window=\u00a0\u00bbon\u00a0\u00bb _builder_version=\u00a0\u00bb4.23.1&Prime; _module_preset=\u00a0\u00bbdefault\u00a0\u00bb background_enable_color=\u00a0\u00bboff\u00a0\u00bb link_option_url_new_window=\u00a0\u00bbon\u00a0\u00bb global_colors_info=\u00a0\u00bb{}\u00a0\u00bb sticky_transition=\u00a0\u00bbon\u00a0\u00bb]<\/p>\n<p class=\"customer-text\">St\u00e9phanie a su me d\u00e9tendre, contr\u00f4ler mon stress, je la recommande 100%<\/p>\n<p class=\"customer-text\"><small>Suite \u00e0 un rendez-vous en juin 2024<\/small><\/p>\n<p>[\/et_pb_slide][et_pb_slide heading=\u00a0\u00bbE R.\u00a0\u00bb button_text=\u00a0\u00bbTous mes avis en ligne\u00a0\u00bb button_link=\u00a0\u00bbhttps:\/\/www.resalib.fr\/praticien\/90829-stephanie-gallay-sophrologue-vic-en-bigorre?pr=0#reviews\u00a0\u00bb url_new_window=\u00a0\u00bbon\u00a0\u00bb _builder_version=\u00a0\u00bb4.23.1&Prime; _module_preset=\u00a0\u00bbdefault\u00a0\u00bb background_enable_color=\u00a0\u00bboff\u00a0\u00bb global_colors_info=\u00a0\u00bb{}\u00a0\u00bb sticky_transition=\u00a0\u00bbon\u00a0\u00bb]<\/p>\n<p class=\"customer-text\">Merci de m\u2019avoir fait travailler sur moi. Ce n\u2019\u00e9tait vraiment pas gagn\u00e9 !!! Approche r\u00e9confortante et professionnalisme ma\u00eetris\u00e9 !!! Merci mille fois encore<\/p>\n<p class=\"customer-text\"><small>Suite \u00e0 un rendez-vous en juin 2024<\/small><\/p>\n<p>[\/et_pb_slide][et_pb_slide heading=\u00a0\u00bbDavid C.\u00a0\u00bb button_text=\u00a0\u00bbTous mes avis en ligne\u00a0\u00bb button_link=\u00a0\u00bbhttps:\/\/www.resalib.fr\/praticien\/90829-stephanie-gallay-sophrologue-vic-en-bigorre?pr=0#reviews\u00a0\u00bb url_new_window=\u00a0\u00bbon\u00a0\u00bb _builder_version=\u00a0\u00bb4.23.1&Prime; _module_preset=\u00a0\u00bbdefault\u00a0\u00bb background_enable_color=\u00a0\u00bboff\u00a0\u00bb global_colors_info=\u00a0\u00bb{}\u00a0\u00bb sticky_transition=\u00a0\u00bbon\u00a0\u00bb]<\/p>\n<p class=\"customer-text\">St\u00e9phanie a ce pouvoir que seul ont les sophrologue. Elle vous permet vraiment de vous sentir bien. Une personne bienfaisante qui m\u00e9rite vraiment d&rsquo;\u00eatre connu.<\/p>\n<p class=\"customer-text\"><small>Suite \u00e0 un rendez-vous en mai 2024<\/small><\/p>\n<p>[\/et_pb_slide][et_pb_slide heading=\u00a0\u00bbKevin r.\u00a0\u00bb button_text=\u00a0\u00bbTous mes avis en ligne\u00a0\u00bb button_link=\u00a0\u00bbhttps:\/\/www.resalib.fr\/praticien\/90829-stephanie-gallay-sophrologue-vic-en-bigorre?pr=0#reviews\u00a0\u00bb url_new_window=\u00a0\u00bbon\u00a0\u00bb _builder_version=\u00a0\u00bb4.23.1&Prime; _module_preset=\u00a0\u00bbdefault\u00a0\u00bb background_enable_color=\u00a0\u00bboff\u00a0\u00bb global_colors_info=\u00a0\u00bb{}\u00a0\u00bb sticky_transition=\u00a0\u00bbon\u00a0\u00bb]<\/p>\n<p class=\"customer-text\">stephanie est une personne \u00e0 l&rsquo;\u00e9coute qui a su me comprendre, m&rsquo;orienter et m&rsquo;a donn\u00e9 les clefs pour g\u00e9rer mon stress. r\u00e9sultat tr\u00e8s positif. merci pour l&rsquo;accompagnement<\/p>\n<p class=\"customer-text\"><small>Suite \u00e0 un rendez-vous en mai 2024<\/small><\/p>\n<p>[\/et_pb_slide][\/et_pb_slider][\/et_pb_column][\/et_pb_row][\/et_pb_section]<\/p>\n","protected":false},"excerpt":{"rendered":"<p>Prenez Rendez-vous avec St\u00e9phanie Gallay, Sophrologue \u00e0 Vic-en-Bigorre St\u00e9phanie Gallay, Sophrologue \u00e0 Vic-en-BigorrePrenez Rendez-vous avec St\u00e9phanie GallayR\u00e9servez votre s\u00e9ance de sophrologie en ligne ou en cabinet avec St\u00e9phanie Gallay. Choisissez un cr\u00e9neau et commencez votre chemin vers le bien-\u00eatre. En cabinet \u00e0 Vic-en-Bigorre.\u2028\u2028- En visioconf\u00e9rence depuis le confort de chez vous.\u2028\u2028Pour prendre rendez-vous, utilisez notre formulaire en ligne ou contactez-moi directement au 06 76 67 52 96<div class=\"et_pb_module dsm_star_rating dsm_star_rating_0  et_pb_bg_layout_light\">\n\t\t\t\t\n\t\t\t\t\n\t\t\t\t\n\t\t\t\t\n\t\t\t\t\n\t\t\t\t\n\t\t\t\t<div class=\"et_pb_module_inner\">\n\t\t\t\t\t<div class=\"dsm-star-rating-wrapper dsm-star-display-type-inline-block dsm-star-title-position-left\">\n\t\t\t\t<div class=\"dsm-star-rating\" title=\"5\/5\"><i class=\"dsm-star-full\">\u2606<\/i><i class=\"dsm-star-full\">\u2606<\/i><i class=\"dsm-star-full\">\u2606<\/i><i class=\"dsm-star-full\">\u2606<\/i><i class=\"dsm-star-full\">\u2606<\/i> <span class=\"dsm-star-rating-text\"><span>(<span>5<\/span>\/<span>5<\/span>)<\/span><\/div>\n\t\t\t\t<\/div>\n\t\t\t\t<\/div>\n\t\t\t<\/div>Avis sur St\u00e9phanie GALLAYSt\u00e9phanie m&rsquo;a permis d&rsquo;avancer dans la vie la ou d&rsquo;autres on \u00e9chou\u00e9s. Douce, professionnelle, agr\u00e9able, elle sera vous guider j&rsquo;en suis convaincu. Je recommande son art de sophrologie \u00e0 tous. Suite \u00e0 un rendez-vous en novembre 2024Merci pour votre accompagnement professionnel qui m&rsquo;a permis de changer ma vie et d&rsquo;appr\u00e9hender les probl\u00e8mes diff\u00e9remment. Je revis et n&rsquo;h\u00e9siterai pas \u00e0 vous rappeler en cas de besoin Suite \u00e0 un rendez-vous en octobre 2024J&rsquo;ai quitt\u00e9 la s\u00e9ance en me sentant plus l\u00e9ger et serein. Cela m&rsquo;a aid\u00e9 \u00e0 g\u00e9rer mon stress. Je recommande vivement St\u00e9phanie \u00e0 ceux qui cherchent \u00e0 am\u00e9liorer leur bien-\u00eatre mental et physique. Une belle d\u00e9couverte ! Suite \u00e0 un rendez-vous en septembre 2024Tr\u00e8s agr\u00e9able et douce. Je recommandeSuite \u00e0 [&hellip;]<\/p>\n","protected":false},"author":1,"featured_media":0,"parent":0,"menu_order":0,"comment_status":"closed","ping_status":"closed","template":"","meta":{"_et_pb_use_builder":"on","_et_pb_old_content":"<!-- wp:divi\/placeholder \/-->","_et_gb_content_width":"","inline_featured_image":false,"footnotes":""},"class_list":["post-34","page","type-page","status-publish","hentry"],"_links":{"self":[{"href":"https:\/\/www.stephaniegallay.fr\/index.php?rest_route=\/wp\/v2\/pages\/34","targetHints":{"allow":["GET"]}}],"collection":[{"href":"https:\/\/www.stephaniegallay.fr\/index.php?rest_route=\/wp\/v2\/pages"}],"about":[{"href":"https:\/\/www.stephaniegallay.fr\/index.php?rest_route=\/wp\/v2\/types\/page"}],"author":[{"embeddable":true,"href":"https:\/\/www.stephaniegallay.fr\/index.php?rest_route=\/wp\/v2\/users\/1"}],"replies":[{"embeddable":true,"href":"https:\/\/www.stephaniegallay.fr\/index.php?rest_route=%2Fwp%2Fv2%2Fcomments&post=34"}],"version-history":[{"count":9,"href":"https:\/\/www.stephaniegallay.fr\/index.php?rest_route=\/wp\/v2\/pages\/34\/revisions"}],"predecessor-version":[{"id":223,"href":"https:\/\/www.stephaniegallay.fr\/index.php?rest_route=\/wp\/v2\/pages\/34\/revisions\/223"}],"wp:attachment":[{"href":"https:\/\/www.stephaniegallay.fr\/index.php?rest_route=%2Fwp%2Fv2%2Fmedia&parent=34"}],"curies":[{"name":"wp","href":"https:\/\/api.w.org\/{rel}","templated":true}]}}